{"id":8529,"date":"2022-05-10T14:35:18","date_gmt":"2022-05-10T13:35:18","guid":{"rendered":"https:\/\/antenasgsm.com\/tienda\/?post_type=product&#038;p=8529"},"modified":"2022-12-03T17:55:25","modified_gmt":"2022-12-03T16:55:25","slug":"amplificador-helium-868-mhz-17dbi","status":"publish","type":"product","link":"https:\/\/antenasgsm.com\/tienda\/productos\/amplificador-helium-868-mhz-17dbi\/","title":{"rendered":"Amplificador Helium 868 mhz (17dbi)"},"content":{"rendered":"\n<p>El <strong>amplificador para Helium 868 mhz <\/strong>es ideal para minar Helium cuando se coloca una antena exterior y con metraje de cable y se quiere <strong>minimizar la p\u00e9rdida de ganancia<\/strong>. Incluso con tiradas de cable de pocos metros podr\u00e1s tener un mayor alcance utilizando el amplificador de se\u00f1al.<\/p>\n\n\n\n<p>Incluye Bias-Tee para alimentar el amplificador desde el propio cable.<\/p>\n\n\n\n<h2 class=\"wp-block-heading\" id=\"caracteristicas-principales\">Caracter\u00edsticas principales<\/h2>\n\n\n\n<figure class=\"wp-block-table\"><table><tbody><tr><td>Conectores: <\/td><td><strong>N hembra<\/strong><\/td><\/tr><tr><td>Ganancia: <\/td><td><strong>17db<\/strong><\/td><\/tr><tr><td>Frecuencia: <\/td><td><strong>868 mhz<\/strong> (centrada)<\/td><\/tr><tr><td>Filtro: <\/td><td><strong>Incorporado<\/strong><\/td><\/tr><tr><td>Bias-Tee<\/td><td><strong>Incorporado<\/strong><\/td><\/tr><\/tbody><\/table><\/figure>\n\n\n\n<p><\/p>\n\n\n\n<h2 class=\"wp-block-heading\" id=\"informacion-del-minero\"><strong>Compatibilidad<\/strong><\/h2>\n\n\n\n<p>Todos los hotspots EU 868 mhz son compatibles. Debes asegurarte de que tu cable hacia la antena dispone de conector N macho, y tambi\u00e9n necesitas otro cable con N macho para conectar el hotspot con el amplificador. <a href=\"https:\/\/antenasgsm.com\/tienda\/productos\/cable-lmr-400-para-helium-hotspot\/\">Puedes pedir tus cables en este enlace<\/a>.<\/p>\n\n\n\n<p><\/p>\n\n\n\n<p class=\"has-normal-font-size\"><\/p>\n\n\n\n<p class=\"has-normal-font-size\"><\/p>\n\n\n\n<p><\/p>\n\n\n\n<p><\/p>\n","protected":false},"excerpt":{"rendered":"<p>Amplificador para Helium 868 mhz. Ideal para minar Helium cuando se coloca una antena exterior y con metraje de cable y se quiere minimizar la p\u00e9rdida de ganancia. Incluso con tiradas de cable de pocos metros podr\u00e1s tener un mayor alcance utilizando el amplificador de se\u00f1al.<\/p>\n","protected":false},"featured_media":8426,"comment_status":"open","ping_status":"closed","template":"","meta":[],"product_brand":[],"product_cat":[384],"product_tag":[101,274,272,350,256],"class_list":{"0":"post-8529","1":"product","2":"type-product","3":"status-publish","4":"has-post-thumbnail","6":"product_cat-helium","7":"product_tag-amplificador","8":"product_tag-lmr-400","9":"product_tag-lmr400","10":"product_tag-metro","11":"product_tag-sma","13":"first","14":"instock","15":"sale","16":"taxable","17":"shipping-taxable","18":"purchasable","19":"product-type-simple"},"bundled_by":[],"bundle_stock_status":"instock","bundle_stock_quantity":3,"bundle_virtual":false,"bundle_layout":"","bundle_add_to_cart_form_location":"","bundle_editable_in_cart":false,"bundle_sold_individually_context":"","bundle_item_grouping":"","bundle_min_size":"","bundle_max_size":"","bundle_price":[],"bundled_items":[],"bundle_sell_ids":[],"_links":{"self":[{"href":"https:\/\/antenasgsm.com\/tienda\/wp-json\/wp\/v2\/product\/8529","targetHints":{"allow":["GET"]}}],"collection":[{"href":"https:\/\/antenasgsm.com\/tienda\/wp-json\/wp\/v2\/product"}],"about":[{"href":"https:\/\/antenasgsm.com\/tienda\/wp-json\/wp\/v2\/types\/product"}],"replies":[{"embeddable":true,"href":"https:\/\/antenasgsm.com\/tienda\/wp-json\/wp\/v2\/comments?post=8529"}],"wp:featuredmedia":[{"embeddable":true,"href":"https:\/\/antenasgsm.com\/tienda\/wp-json\/wp\/v2\/media\/8426"}],"wp:attachment":[{"href":"https:\/\/antenasgsm.com\/tienda\/wp-json\/wp\/v2\/media?parent=8529"}],"wp:term":[{"taxonomy":"product_brand","embeddable":true,"href":"https:\/\/antenasgsm.com\/tienda\/wp-json\/wp\/v2\/product_brand?post=8529"},{"taxonomy":"product_cat","embeddable":true,"href":"https:\/\/antenasgsm.com\/tienda\/wp-json\/wp\/v2\/product_cat?post=8529"},{"taxonomy":"product_tag","embeddable":true,"href":"https:\/\/antenasgsm.com\/tienda\/wp-json\/wp\/v2\/product_tag?post=8529"}],"curies":[{"name":"wp","href":"https:\/\/api.w.org\/{rel}","templated":true}]}}