{"id":6821,"date":"2021-03-07T10:04:03","date_gmt":"2021-03-07T09:04:03","guid":{"rendered":"https:\/\/antenasgsm.com\/tienda\/?post_type=product&#038;p=6821"},"modified":"2023-11-01T13:44:12","modified_gmt":"2023-11-01T12:44:12","slug":"repetidor-wifi-tp-link-n300","status":"publish","type":"product","link":"https:\/\/antenasgsm.com\/tienda\/productos\/repetidor-wifi-tp-link-n300\/","title":{"rendered":"Repetidor wifi TP-Link N300"},"content":{"rendered":"\r\n<p><strong>El repetidor TP-Link N300<\/strong> proporciona una velocidad de transmisi\u00f3n inal\u00e1mbrica wifi de hasta 300Mbps.<\/p>\r\n\r\n\r\n\r\n<p>Produce un punto de acceso <strong>WiFi de 2,4 GHz<\/strong> con una gran cobertura <strong>WiFi de hasta 60 metros cuadrados<\/strong>.<\/p>\r\n\r\n\r\n\r\n<p>El repetidor ofrece una velocidad de hasta 2,4 GHz\/300 Mbps, proporciona excelentes velocidades y un rango inal\u00e1mbrico omnidireccional superior.<\/p>\r\n\r\n\r\n\r\n<p>Gracias a sus 2 antenas proporcionan un mejor rendimiento y conexi\u00f3n estable. Te permitir\u00e1 disfrutar de una transmisi\u00f3n de v\u00eddeo FullHD sin lag, juegos en l\u00ednea, correo electr\u00f3nico y navegaci\u00f3n web.<\/p>\r\n\r\n\r\n\r\n<figure class=\"wp-block-image size-large is-resized\"><img loading=\"lazy\" decoding=\"async\" class=\"wp-image-6822\" src=\"https:\/\/antenasgsm.com\/tienda\/wp-content\/uploads\/2021\/03\/tp-link-n300.jpg\" alt=\"\" width=\"342\" height=\"413\" srcset=\"https:\/\/antenasgsm.com\/tienda\/wp-content\/uploads\/2021\/03\/tp-link-n300.jpg 518w, https:\/\/antenasgsm.com\/tienda\/wp-content\/uploads\/2021\/03\/tp-link-n300-247x298.jpg 247w, https:\/\/antenasgsm.com\/tienda\/wp-content\/uploads\/2021\/03\/tp-link-n300-510x616.jpg 510w, https:\/\/antenasgsm.com\/tienda\/wp-content\/uploads\/2021\/03\/tp-link-n300-64x77.jpg 64w, https:\/\/antenasgsm.com\/tienda\/wp-content\/uploads\/2021\/03\/tp-link-n300-331x400.jpg 331w, https:\/\/antenasgsm.com\/tienda\/wp-content\/uploads\/2021\/03\/tp-link-n300-232x280.jpg 232w, https:\/\/antenasgsm.com\/tienda\/wp-content\/uploads\/2021\/03\/tp-link-n300-99x120.jpg 99w\" sizes=\"auto, (max-width: 342px) 100vw, 342px\" \/><\/figure>\r\n\r\n\r\n\r\n<h2 class=\"wp-block-heading\">Configuraci\u00f3n del repetidor<\/h2>\r\n\r\n\r\n\r\n<ul class=\"wp-block-list\">\r\n<li>En el router de nuestra operadora busca el bot\u00f3n WPS y p\u00falsalo.<\/li>\r\n<li>A continuaci\u00f3n, pulsa el bot\u00f3n frontal del repetidor TP-Link N300 para que se sincronice autom\u00e1ticamente con nuestro router.<\/li>\r\n<li>Espere a que la el circulo se ponga en completamente en azul, el proceso de emparejamiento ha finalizado correctamente.<\/li>\r\n<li>Ahora puedes desenchufar y enchufar el repetidor <strong>TP-Link N300<\/strong> en un lugar donde no haya suficiente cobertura y que le llegue la se\u00f1al wifi del router principal para as\u00ed replicar la se\u00f1al en otras zonas.<\/li>\r\n<\/ul>\r\n\r\n\r\n\r\n<figure class=\"wp-block-image size-large is-resized\"><img loading=\"lazy\" decoding=\"async\" class=\"wp-image-6824\" src=\"https:\/\/antenasgsm.com\/tienda\/wp-content\/uploads\/2021\/03\/61KsNR-vEnL._AC_SL1000_-800x800.jpg\" alt=\"\" width=\"562\" height=\"562\" srcset=\"https:\/\/antenasgsm.com\/tienda\/wp-content\/uploads\/2021\/03\/61KsNR-vEnL._AC_SL1000_-800x800.jpg 800w, https:\/\/antenasgsm.com\/tienda\/wp-content\/uploads\/2021\/03\/61KsNR-vEnL._AC_SL1000_-247x247.jpg 247w, https:\/\/antenasgsm.com\/tienda\/wp-content\/uploads\/2021\/03\/61KsNR-vEnL._AC_SL1000_-150x150.jpg 150w, https:\/\/antenasgsm.com\/tienda\/wp-content\/uploads\/2021\/03\/61KsNR-vEnL._AC_SL1000_-510x510.jpg 510w, https:\/\/antenasgsm.com\/tienda\/wp-content\/uploads\/2021\/03\/61KsNR-vEnL._AC_SL1000_-64x64.jpg 64w, https:\/\/antenasgsm.com\/tienda\/wp-content\/uploads\/2021\/03\/61KsNR-vEnL._AC_SL1000_-400x400.jpg 400w, https:\/\/antenasgsm.com\/tienda\/wp-content\/uploads\/2021\/03\/61KsNR-vEnL._AC_SL1000_-280x280.jpg 280w, https:\/\/antenasgsm.com\/tienda\/wp-content\/uploads\/2021\/03\/61KsNR-vEnL._AC_SL1000_-120x120.jpg 120w, https:\/\/antenasgsm.com\/tienda\/wp-content\/uploads\/2021\/03\/61KsNR-vEnL._AC_SL1000_.jpg 1000w\" sizes=\"auto, (max-width: 562px) 100vw, 562px\" \/><\/figure>\r\n\r\n\r\n\r\n<h2 class=\"wp-block-heading\">Ubicaci\u00f3n ideal<\/h2>\r\n\r\n\r\n\r\n<p>Se recomienda usar un repetidor en un radio de 20 metros, en el caso que haya otra zona de la estancia donde no haya cobertura suficiente, AntenasGSM recomienda poner otro repetidor wifi <strong>TP-Link N300<\/strong>. Si prefieres un repetidor m\u00e1s potente, puedes consultar el repetidor WiFi <a href=\"https:\/\/antenasgsm.com\/tienda\/productos\/routers-4g\/repetidor-wifi-vectronics-1200mbps\/\" data-type=\"product\" data-id=\"6806\">Vectronics 1200Mbps<\/a><\/p>\r\n\r\n\r\n\r\n<figure class=\"wp-block-image size-large is-resized\"><img loading=\"lazy\" decoding=\"async\" class=\"wp-image-6825\" src=\"https:\/\/antenasgsm.com\/tienda\/wp-content\/uploads\/2021\/03\/51uJy7eBxLL._AC_SL1000_-800x800.jpg\" alt=\"\" width=\"686\" height=\"686\" srcset=\"https:\/\/antenasgsm.com\/tienda\/wp-content\/uploads\/2021\/03\/51uJy7eBxLL._AC_SL1000_-800x800.jpg 800w, https:\/\/antenasgsm.com\/tienda\/wp-content\/uploads\/2021\/03\/51uJy7eBxLL._AC_SL1000_-247x247.jpg 247w, https:\/\/antenasgsm.com\/tienda\/wp-content\/uploads\/2021\/03\/51uJy7eBxLL._AC_SL1000_-150x150.jpg 150w, https:\/\/antenasgsm.com\/tienda\/wp-content\/uploads\/2021\/03\/51uJy7eBxLL._AC_SL1000_-510x510.jpg 510w, https:\/\/antenasgsm.com\/tienda\/wp-content\/uploads\/2021\/03\/51uJy7eBxLL._AC_SL1000_-64x64.jpg 64w, https:\/\/antenasgsm.com\/tienda\/wp-content\/uploads\/2021\/03\/51uJy7eBxLL._AC_SL1000_-400x400.jpg 400w, https:\/\/antenasgsm.com\/tienda\/wp-content\/uploads\/2021\/03\/51uJy7eBxLL._AC_SL1000_-280x280.jpg 280w, https:\/\/antenasgsm.com\/tienda\/wp-content\/uploads\/2021\/03\/51uJy7eBxLL._AC_SL1000_-120x120.jpg 120w, https:\/\/antenasgsm.com\/tienda\/wp-content\/uploads\/2021\/03\/51uJy7eBxLL._AC_SL1000_.jpg 1000w\" sizes=\"auto, (max-width: 686px) 100vw, 686px\" \/><\/figure>\r\n\r\n\r\n\r\n<h2 class=\"wp-block-heading\">Especificaciones t\u00e9cnicas<\/h2>\r\n\r\n\r\n\r\n<figure id=\"productDetails_techSpec_section_1\" class=\"wp-block-table\">\r\n<table>\r\n<tbody>\r\n<tr>\r\n<th>Marca<\/th>\r\n<td>TP-Link<\/td>\r\n<\/tr>\r\n<tr>\r\n<th>Fabricante<\/th>\r\n<td>TP-LINK<\/td>\r\n<\/tr>\r\n<tr>\r\n<th>Series<\/th>\r\n<td>TL-WA850RE<\/td>\r\n<\/tr>\r\n<tr>\r\n<th>Dimensiones del producto<\/th>\r\n<td>6.6 x 10.92 x 7.62 cm; 99.8 gramos<\/td>\r\n<\/tr>\r\n<tr>\r\n<th>N\u00famero de modelo del producto<\/th>\r\n<td>TL-WA850RE<\/td>\r\n<\/tr>\r\n<tr>\r\n<th>Color<\/th>\r\n<td>Blanco<\/td>\r\n<\/tr>\r\n<tr>\r\n<th>Fabricante del procesador<\/th>\r\n<td>Intel<\/td>\r\n<\/tr>\r\n<tr>\r\n<th>Tipo de procesador<\/th>\r\n<td>Ninguno<\/td>\r\n<\/tr>\r\n<tr>\r\n<th>N\u00famero de procesadores<\/th>\r\n<td>1<\/td>\r\n<\/tr>\r\n<tr>\r\n<th>Tipo de memoria del ordenador<\/th>\r\n<td>DDR3 SDRAM<\/td>\r\n<\/tr>\r\n<tr>\r\n<th>Tipo de conectividad<\/th>\r\n<td>Si<\/td>\r\n<\/tr>\r\n<tr>\r\n<th>Tipo de conexi\u00f3n inal\u00e1mbrica<\/th>\r\n<td>802.11n, 802.11b, 802.11a, 802.11g<\/td>\r\n<\/tr>\r\n<tr>\r\n<th>Voltaje<\/th>\r\n<td>220 Voltios<\/td>\r\n<\/tr>\r\n<tr>\r\n<th>Potencia el\u00e9ctrica<\/th>\r\n<td>3 vatios<\/td>\r\n<\/tr>\r\n<tr>\r\n<th>Plataforma de Hardware<\/th>\r\n<td>PC<\/td>\r\n<\/tr>\r\n<tr>\r\n<th>Pilas incluidas<\/th>\r\n<td>No<\/td>\r\n<\/tr>\r\n<tr>\r\n<th>Peso del producto<\/th>\r\n<td>99.8 g<\/td>\r\n<\/tr>\r\n<\/tbody>\r\n<\/table>\r\n<\/figure>\r\n","protected":false},"excerpt":{"rendered":"<p>El <strong data-rich-text-format-boundary=\"true\">repetidor TP-Link N300 <\/strong>proporciona una velocidad de transmisi\u00f3n inal\u00e1mbrica de hasta 300Mbps.<\/p>\n","protected":false},"featured_media":6828,"comment_status":"open","ping_status":"closed","template":"","meta":[],"product_brand":[],"product_cat":[109],"product_tag":[329,110,108,328,111],"class_list":{"0":"post-6821","1":"product","2":"type-product","3":"status-publish","4":"has-post-thumbnail","6":"product_cat-repetidores-wifi","7":"product_tag-n300","8":"product_tag-repetidor","9":"product_tag-router","10":"product_tag-tp-link","11":"product_tag-wifi","13":"first","14":"instock","15":"sale","16":"taxable","17":"shipping-taxable","18":"purchasable","19":"product-type-simple"},"bundled_by":[],"bundle_stock_status":"instock","bundle_stock_quantity":2,"bundle_virtual":false,"bundle_layout":"","bundle_add_to_cart_form_location":"","bundle_editable_in_cart":false,"bundle_sold_individually_context":"","bundle_item_grouping":"","bundle_min_size":"","bundle_max_size":"","bundle_price":[],"bundled_items":[],"bundle_sell_ids":[],"_links":{"self":[{"href":"https:\/\/antenasgsm.com\/tienda\/wp-json\/wp\/v2\/product\/6821","targetHints":{"allow":["GET"]}}],"collection":[{"href":"https:\/\/antenasgsm.com\/tienda\/wp-json\/wp\/v2\/product"}],"about":[{"href":"https:\/\/antenasgsm.com\/tienda\/wp-json\/wp\/v2\/types\/product"}],"replies":[{"embeddable":true,"href":"https:\/\/antenasgsm.com\/tienda\/wp-json\/wp\/v2\/comments?post=6821"}],"wp:featuredmedia":[{"embeddable":true,"href":"https:\/\/antenasgsm.com\/tienda\/wp-json\/wp\/v2\/media\/6828"}],"wp:attachment":[{"href":"https:\/\/antenasgsm.com\/tienda\/wp-json\/wp\/v2\/media?parent=6821"}],"wp:term":[{"taxonomy":"product_brand","embeddable":true,"href":"https:\/\/antenasgsm.com\/tienda\/wp-json\/wp\/v2\/product_brand?post=6821"},{"taxonomy":"product_cat","embeddable":true,"href":"https:\/\/antenasgsm.com\/tienda\/wp-json\/wp\/v2\/product_cat?post=6821"},{"taxonomy":"product_tag","embeddable":true,"href":"https:\/\/antenasgsm.com\/tienda\/wp-json\/wp\/v2\/product_tag?post=6821"}],"curies":[{"name":"wp","href":"https:\/\/api.w.org\/{rel}","templated":true}]}}